, 5
Let g(k) = k**2 + 18*k + 4. Let l be g(-14). Let j = l + 17. What are the prime factors of (-10)/j + 752/14?
2, 3
Let w = -1934 + 1152. Let m = 552 + w. Let g = 357 + m. What are the prime factors of g?
127
List the prime factors of (-3117)/(56/16 + 8/(-2)).
2, 3, 1039
Let j = 260 + 294. Suppose -4*i + 0*w - 2*w + j = 0, i = w + 140. List the prime factors of i.
139
Let f = -216 + 218. Suppose -f*j - 51 = -913. What are the prime factors of j?
431
Let b(q) = -q - 143. Let m be b(-51). Suppose 2*i + 4*t - 276 = -14, 4*i - 4*t - 560 = 0. Let o = m + i. What are the prime factors of o?
3, 5
What are the prime factors of (-12 - -13)/(-1 - (-239358)/239352)?
2, 9973
Let g(v) be the third derivative of 109*v**4/24 - 2*v**3 - 91*v**2. What are the prime factors of g(5)?
13, 41
Suppose 0 = 3*i - 2*l - 19717, -l - 37528 = -5*i - 4657. What are the prime factors of i?
5, 263
Let c(s) = -s**2 - 8*s - 11. Let o be c(-5). Let a be -5*1*(-2)/4*-2. What are the prime factors of (o*-3)/(((-30)/(-56))/a)?
2, 7
List the prime factors of (-1 + 0/(-3))/((-202)/2431272).
2, 3, 17, 59
Suppose 32*z + 968760 = 97*z - 39*z. What are the prime factors of z?
2, 3, 5, 23
Let o(k) = k - 2. Let g be (-4*(-2)/8)/(5/10). Let c be o(g). Suppose -20*q + 16*q + 492 = c. What are the prime factors of q?
3, 41
Suppose 0 = 12*y - 21*y - 9. List the prime factors of 2114*(-5)/10*y.
7, 151
Let v(p) = 2*p**2 + p + 52. Let u be v(-10). Let n be 1/4 - 297/(-44). Suppose u = 3*r - c, n*c - 8 = 5*c. List the prime factors of r.
2, 41
Let z = -1238 + 3957. What are the prime factors of z?
2719
Let b be 12*(3/(-2) - (0 - 2)). Suppose t + 5*s = -73, -4*t - 4*s + 132 = -b*t. Let v = 16 - t. What are the prime factors of v?
2, 3, 7
Let t(m) = m**2 + 5*m. Let p be t(-5). Let u be (3/9)/((-2 + p)/6). Let i(g) = -241*g - 1. List the prime factors of i(u).
2, 3, 5
Let r = 214 - 210. Suppose 0 = 2*k + r, -3*o = -4*k - 675 - 803. List the prime factors of o.
2, 5, 7
Let p(u) = 66*u + 136. Let l be p(10). Let c = l - 624. List the prime factors of c.
2, 43
Let a(c) = -6*c**3 + 22*c**2 - 10*c - 52. Let g(h) = -5*h**3 + 21*h**2 - 10*h - 52. Let s(t) = -4*a(t) + 5*g(t). What are the prime factors of s(13)?
2, 13, 19
Suppose -5*f - 97 = -17. Let d = f + 20. Suppose -d*x - x = -100. What are the prime factors of x?
2, 5
Suppose 0 = 2*w + 2236 - 9900. Suppose 6*n - w = -460. What are the prime factors of n?
2, 281
Suppose 7*t = 2*t + 120. Suppose -t*a = -22*a + 6. List the prime factors of (16/a)/(24/(-180)).
2, 5
Let p(c) = -2. Let j(u) = 7*u + 3. Let r(i) = j(i) + 6*p(i). Let m be r(2). What are the prime factors of ((-5)/m)/(-1) + 19?
2, 5
Let r(x) = -5*x**3 - 2*x**2 - 76*x + 20. List the prime factors of r(-9).
53, 79
Let h be -4 - (137 + -10*5/10). Let q = 479 + h. What are the prime factors of q?
7
Let q(i) = -4*i**3 - i**2 + 214. Let z be q(0). Let w = z + 13. List the prime factors of w.
227
Suppose -4*t + 27 = v - 30, -5*t + 90 = -5*v. Suppose -3*p + t*p = 996. What are the prime factors of p?
83
Suppose -7*z - 3*y + 5 = -11*z, 5*z = 4*y - 7. List the prime factors of z*-1 + 15/((-135)/(-234)).
5
Let u = -46 + 71. Suppose 13*f - 8*f + 681 = 2*r, 0 = 5*f + u. List the prime factors of r.
2, 41
Suppose 0 = -2*n - 4*f + 113782, 4*f - 170677 = -30*n + 27*n. List the prime factors of n.
3, 5, 3793
Let l(x) = 30*x - 1238. List the prime factors of l(43).
2, 13
What are the prime factors of ((-280)/150)/((-4)/54)*(-4270)/(-183)?
2, 3, 7
Let c(t) be the first derivative of t**2 + 66*t + 12. Let l be c(-28). Suppose l*d - 796 - 124 = 0. What are the prime factors of d?
2, 23
Suppose -1404 = -7*q - 32*q. Suppose 0 = q*h - 8939 - 45889. List the prime factors of h.
1523
What are the prime factors of ((-50045)/(-2))/((-705)/(-1128))?
2, 10009
Let f be 2/((4/(-7))/(36/(-42))). Suppose 0 = 6*i - 9 - 3. Suppose -3*x = 2*x - f*w - 1006, 4*w = -i*x + 392. List the prime factors of x.
2, 5
Suppose -5*u = 2*w + 4696, -2*u + 7031 = -3*w - 3*u. List the prime factors of 14/(-189)*w - 12/(-27).
2, 3, 29
Suppose -3*y + 3*p = -21, 4*y + 9*p - 4*p = -8. Suppose 0*t + t = -y, -3*u + t = -24. Suppose 2*a - u*a = -175. What are the prime factors of a?
5, 7
Suppose 2932 = 4*d - 3*c, -6*c = d - c - 710. What are the prime factors of ((-1)/(-2))/((-5105)/d - -7)?
73
Suppose 3*g + 85412 = 5*c, 394*g = 395*g - 1. What are the prime factors of c?
11, 1553
Suppose 98*s - 1149939 - 188430 = 1332425. What are the prime factors of s?
27253
Let z(r) = -r**3 - 23*r**2 - 55*r - 460. What are the prime factors of z(-27)?
7, 563
Suppose -p - 5 - 4 = 0. Let i = -4 - p. Suppose 4*d + 4*m - 108 = 2*m, 2*d + i*m = 38. What are the prime factors of d?
29
Let l(q) be the second derivative of 230*q**3/3 - 29*q**2 - 13*q - 2. List the prime factors of l(3).
2, 661
Suppose 0 = -5*j - 842 + 4512. Suppose -j = -u + 5*m, -57*u + 60*u - 2282 = -m. What are the prime factors of u?
3, 11, 23
Let p = 980 + -515. Suppose 2*s - 3*s = 2*r - 163, 0 = -3*s + 2*r + p. Let k = s + 12. What are the prime factors of k?
13
Suppose -331*m + 339*m - 32 = 0. Suppose 79 = j + m*k + 13, 3*j - 165 = -k. List the prime factors of j.
2, 3
Let k = 1948 + -1188. Suppose 2*h + k = -3*h. Let s = -31 - h. What are the prime factors of s?
11
Let p = 49680 + -19204. List the prime factors of p.
2, 19, 401
List the prime factors of -2 - 56962/(-8) - (-4 - (-51)/12).
2, 3559
Let z(f) = -f**3 - 7*f**2 + 5*f + 3. Suppose 0 = 2*h - 0*h + 4*n + 20, 4*n = h + 4. List the prime factors of z(h).
3
Suppose -2*c + 6737 + 219 = 0. What are the prime factors of c?
2, 37, 47
Suppose -181 = -11*j + 149. Suppose 0 = j*n - 24*n - 1980. What are the prime factors of n?
2, 3, 5, 11
Let c(k) be the first derivative of 7*k**3/3 + 4*k**2 - 10*k + 28. Let n(j) = -j - 9. Let o be n(-4). What are the prime factors of c(o)?
5
Let v be (6/(-8))/(-3) - 62790/(-168). Suppose -v = -s - 167. List the prime factors of s.
3, 23
Let o be (-242)/((2/5)/((-4)/20)). Suppose 2*v = -0*v + 214. Let w = o + v. List the prime factors of w.
2, 3, 19
Let g(q) = -q**2 + 16*q - 2. Let x be g(22). Suppose 0 = -5*n + 6*n + 27. Let k = n - x. What are the prime factors of k?
107
Let b = 37324 - 13183. What are the prime factors of b?
3, 13, 619
Suppose -3*r = 3*l - 22053, -4*r + 29601 = -2*l + 203. List the prime factors of r.
2, 3, 5, 7
Suppose -1430277 - 1295843 = -122*u - 325160. What are the prime factors of u?
2, 3, 5, 41
Let y(i) = -3*i**3 + 9*i**2 - 33*i + 97. What are the prime factors of y(-12)?
19, 367
Let y(l) = -6*l - 105. Let k be y(-18). Suppose 429 = k*w - 5*g, 2*w - 2*g = -3*w + 734. List the prime factors of w.
2, 37
Let j(g) = 2*g**2 + 67*g + 2549. List the prime factors of j(-86).
11579
Let p = 42436 - 24601. What are the prime factors of p?
3, 5, 29, 41
Suppose 0 = -4*r + 3 - 83. Let h = 22 + r. Suppose -4*k + h*w + 100 = -2*k, w = 3*k - 154. What are the prime factors of k?
2, 13
Suppose 0 = -z - 2 + 12. Let c(q) = 11*q + 6. Let l be c(z). Suppose 342 = -l*i + 119*i. What are the prime factors of i?
2, 3, 19
Let j be 2/2 - (7 - 8). What are the prime factors of (-1408)/(-12)*(4 + j)?
2, 11
Let c be (-1)/4 - (-4932)/16. Let v = c - 203. List the prime factors of 36/(7/(v/6)).
2, 3, 5
Let i = 521 - 503. Let f = -9 + 14. Suppose f*r = 93 - i. What are the prime factors of r?
3, 5
What are the prime factors of (-70306)/((-40)/24 - (-5 - (-16)/3))?
35153
What are the prime factors of 13/(208/(-256)) - -8291?
5, 331
Let b(f) be the first derivative of 331*f**2 - 10*f - 263. What are the prime factors of b(1)?
2, 163
Let v(g) = -2*g - 16. Let z be v(2). What are the prime factors of 8/(-2)*-258*(-5)/z?
2, 3, 43
Let o = 585 - 559. Suppose 25*u = -o*u + 56916. List the prime factors of u.
2, 3, 31
Suppose -w = 5*m - 6374, 88*w + 12763 = 90*w + 5*m. List the prime factors of w.
6389
Let d be ((-28)/(-7))/(2/8). Suppose 0*a - 12 = o - 3*a, 0 = 2*o + 4*a - d. Suppose -4*m = 5*t - 700, 3*t - 2*m - 2*m - 420 = o. List the prime factors of t.
2, 5, 7
Suppose 0*r = -5*r + 2*b - 30, -3*b - 6 = r. Let j = -1257 - -1263. What are the prime factors of 2/(r/(-513)) + -5 + j?
2, 43
Let n = 14806 + -13090. What are the prime factors of n?
2, 3, 11, 13
List the prime factors of (-2 + (-1559)/(-3))/(3*20/2520).
2, 7, 1553